ase 2) to base 5
-1104443
Convert -1000010001011110 (base 2) to base 5.
-2041021
What is -d726 (base 14) in base 12?
-1955a
Convert 2020 (base 4) to base 3.
12001
What is -41176 (base 10) in base 14?
-11012
Convert 21b (base 14) to base 3.
120110
Convert -101000111011010 (base 2) to base 10.
-20954
What is 226 (base 10) in base 14?
122
What is -1324 (base 5) in base 10?
-214
What is 1ca (base 14) in base 11?
310
Convert 767 (base 10) to base 13.
470
-22410 (base 5) to base 4
-121011
Convert -7a7 (base 15) to base 8.
-3304
1110100110010 (base 2) to base 10
7474
Convert -100000000000101 (base 2) to base 4.
-10000011
22641 (base 11) to base 16
7fcb
Convert 3194 (base 14) to base 15.
2808
What is -144d (base 14) in base 7?
-13326
122011 (base 3) to base 2
111001111
18476 (base 10) to base 9
27308
What is -951 (base 11) in base 3?
-1120102
24000 (base 6) to base 10
3456
What is 15141 (base 7) in base 5?
113234
Convert -1002011 (base 3) to base 5.
-11122
Convert 2514 (base 13) to base 12.
3060
What is 3817 (base 13) in base 4?
1330123
11120230 (base 4) to base 13
a06c
Convert -611a6 (base 11) to base 6.
-1525542
Convert 620 (base 9) to base 7.
1320
What is 10010111111 (base 2) in base 16?
4bf
What is -3315 (base 11) in base 2?
-1000100010100
What is 1215 (base 9) in base 6?
4105
What is 444 (base 12) in base 2?
1001110100
What is -143 (base 7) in base 13?
-62
What is 1120120 (base 4) in base 7?
22330
-634 (base 7) to base 4
-10333
Convert -10e7 (base 15) to base 14.
-1448
What is -164 (base 11) in base 2?
-10111111
Convert -640 (base 13) to base 14.
-562
What is 335422 (base 6) in base 10?
28454
Convert -1da3 (base 14) to base 8.
-12473
-28d6 (base 15) to base 9
-13003
Convert -1532 (base 8) to base 4.
-31122
-13100 (base 7) to base 16
-d97
Convert -123231 (base 4) to base 9.
-2380
Convert 110010210 (base 3) to base 10.
8850
-3b1a (base 12) to base 6
-51234
Convert -3118 (base 10) to base 5.
-44433
What is 10630 (base 8) in base 9?
6154
-ba (base 16) to base 10
-186
Convert 2013 (base 4) to base 3.
12000
What is -187 (base 10) in base 5?
-1222
Convert -1022012 (base 3) to base 14.
-4bc
What is -8146 (base 11) in base 5?
-321234
Convert 716 (base 13) to base 16.
4b2
Convert -1620 (base 9) to base 14.
-641
What is e03 (base 15) in base 7?
12123
What is -11011000 (base 2) in base 10?
-216
b25 (base 15) to base 10
2510
What is 110210 (base 3) in base 12?
249
What is 1cc8 (base 13) in base 3?
20000120
Convert -103110 (base 4) to base 5.
-14421
ccc (base 13) to base 5
32241
Convert -33420 (base 10) to base 9.
-50753
Convert -2374 (base 11) to base 16.
-c22
What is -140 (base 15) in base 10?
-285
Convert 15a (base 14) to base 3.
101020
What is 30c8 (base 13) in base 3?
100021012
Convert 6b91 (base 15) to base 14.
848d
Convert -12102 (base 3) to base 6.
-402
Convert 3214141 (base 5) to base 4.
31100120
What is -2c6a (base 13) in base 12?
-3926
-313 (base 4) to base 2
-110111
11000011110000 (base 2) to base 9
18160
Convert -5672 (base 9) to base 4.
-1001210
What is -20f (base 16) in base 6?
-2235
Convert -3227 (base 9) to base 6.
-14554
791 (base 10) to base 11
65a
-11570 (base 8) to base 6
-35024
What is -1310 (base 12) in base 15?
-99c
What is -102705 (base 8) in base 3?
-1201222100
Convert -50a (base 11) to base 6.
-2503
Convert -103c (base 13) to base 2.
-100011001000
What is 362 (base 7) in base 9?
232
-30161 (base 11) to base 14
-1210b
What is 5f13 (base 16) in base 6?
304403
What is -122011 (base 3) in base 7?
-1231
What is 301310 (base 4) in base 8?
6164
41 (base 12) to base 5
144
Convert -46603 (base 7) to base 15.
-3824
Convert 391 (base 12) to base 10.
541
What is -41436 (base 7) in base 4?
-2132322
Convert 1142 (base 5) to base 14.
c4
Convert 29676 (base 10) to base 3.
1111201010
What is -11b (base 12) in base 13?
-cb
What is 437c (base 13) in base 12?
5532
-200011221 (base 3) to base 15
-3dda
167640 (base 8) to base 7
343563
23860 (base 12) to base 2
1011101100001000
Convert -3460 (base 13) to base 14.
-2969
Convert 165 (base 9) to base 7.
260
Convert -69 (base 11) to base 14.
-55
Convert -9868 (base 10) to base 2.
-10011010001100
What is -294 (base 11) in base 7?
-1002
Convert -36134 (base 10) to base 8.
-106446
Convert -223134 (base 5) to base 4.
-1323233
What is 56 (base 10) in base 8?
70
Convert -658 (base 14) to base 4.
-103212
What is 22002 (base 3) in base 15?
e8
Convert -13005 (base 8) to base 4.
-1120011
What is -764 (base 9) in base 3?
-212011
11100221 (base 3) to base 7
12166
Convert ad2 (base 16) to base 13.
1351
What is 321243 (base 6) in base 3?
1022222200
-1033211 (base 6) to base 10
-51271
Convert 1440 (base 7) to base 4.
20313
1111000111101110 (base 2) to base 4
33013232
Convert -10101111 (base 2) to base 13.
-106
What is -147 (base 11) in base 12?
-124
What is -75c (base 15) in base 13?
-9ab
-1f7 (base 16) to base 9
-618
Convert -1333 (base 5) to base 10.
-218
Convert -3351 (base 7) to base 9.
-1586
What is 13431 (base 6) in base 7?
6100
6424 (base 7) to base 6
14304
Convert 10011011101111 (base 2) to base 10.
9967
Convert -10110010100 (base 2) to base 14.
-740
Convert 970 (base 11) to base 14.
5d4
What is -1a16 (base 13) in base 7?
-14250
218 (base 15) to base 14
25b
What is 32a (base 11) in base 4?
12023
-442424 (base 5) to base 9
-23061
Convert 181 (base 9) to base 10.
154
What is 278 (base 11) in base 8?
507
Convert 135 (base 12) to base 9.
225
What is -243240 (base 5) in base 6?
-110323
What is -13502 (base 12) in base 11?
-19020
-287a (base 13) to base 10
-5847
Convert -110000011010110 (base 2) to base 14.
-906a
What is 1a89 (base 12) in base 16?
cc9
-160 (base 13) to base 7
-502
684 (base 16) to base 15
763
What is -21724 (base 9) in base 3?
-201210211
Convert -102012210 (base 3) to base 16.
-1fef
6057 (base 11) to base 3
102001002
What is -159 (base 12) in base 15?
-e3
-12810 (base 11) to base 6
-220350
Convert -60 (base 8) to base 3.
-1210
Convert -58c7 (base 16) to base 14.
-83d5
What is -11140 (base 5) in base 15?
-380
-47556 (base 9) to base 13
-11625
433414 (base 5) to base 11
10189
Convert 2c34 (base 14) to base 7.
31664
Convert 101012 (base 4) to base 14.
582
-228 (base 9) to base 6
-512
What is 1db (base 14) in base 9?
472
What is -320 (base 12) in base 8?
-710
b72 (base 15) to base 3
10112122
-17b (base 14) to base 8
-461
What is 1457 (base 10) in base 5?
21312
-115 (base 6) to base 13
-38
-1063 (base 9) to base 10
-786
1101000111 (base 2) to base 12
59b
Convert -12 (base 10) to base 9.
-13
What is -234134 (base 7) in base 13?
-16310
Convert 21002022 (base 3) to base 14.
1c4d
1351 (base 9) to base 4
33322
Convert 4679 (base 11) to base 14.
2344
a54 (base 14) to base 16
7f2
-3285 (base 10) to base 14
-12a9
2324 (base 5) to base 8
523
Convert -9b3 (base 12) to base 15.
-656
Convert 108 (base 16) to base 6.
1120
556 (base 8) to base 12
266
Convert -4702 (base 13) to base 10.
-9973
-10212121 (base 3) to base 7
-11143
Convert 163 (base 11) to base 14.
d8
402 (base 7) to base 16
c6
Convert 11617 (base 8) to base 12.
2a93
What is -38c7 (base 14) in base 8?
-23367
What is -2335 (base 16) in base 5?
-242023
What is 441232 (base 5) in base 15?
477c
101203 (base 4) to base 10
1123
-33 (base 15) to base 11
-44
What is -cd8 (base 14) in base 7?
-10261
Convert -37329 (base 11) to base 7.
-312240
Convert -8e5 (base 16) to base 7.
-6432
Convert 2b4b (base 15) to base 2.
10010001010000
1030 (base 7) to base 3
111111
Convert -110322 (base 4) to base 12.
-936
What is 427 (base 13) in base 4?
23011
What is -12336 (base 7) in base 8?
-6275
Convert -340143 (base 5) to base 10.
-11923
Convert -1110001001 (base 2) to base 5.
-12110
-33001 (base 4) to base 11
-7a4
Convert c16 (base 13) to base 9.
2724
-192 (base 15) to base 16
-16a
What is -7c27 (base 13) in base 2?
-100010000100000
-7478 (base 9) to base 4
-1111322
-110030 (base 4) to base 5
-20132
Convert 9307 (base 13) to base 10.
20287
What is 3c81 (base 13) in base 16?
2214
-1241322 (base 5) to base 8
-60013
What is -24243 (base 6) in base 11?
-2742
Convert 111110000000110 (base 2) to base 7.
161365
What is -3267 (base 8) in base 13?
-a23
Convert -1040414 (base 5) to base 8.
-43472
1101001000011 (base 2) to base 16
1a43
Convert 342 (base 11) to base 9.
504
-23a5 (base 14) to 